(base 9) to base 15
-d
What is 2201 (base 3) in base 11?
67
What is 2 (base 15) in base 9?
2
Convert 115 (base 14) to base 10.
215
1 (base 10) to base 8
1
Convert 5 (base 8) to base 7.
5
Convert 6 (base 13) to base 12.
6
What is 67 (base 14) in base 13?
70
What is -24 (base 6) in base 15?
-11
4 (base 6) to base 13
4
What is 22 (base 4) in base 5?
20
Convert 13 (base 15) to base 5.
33
-2 (base 12) to base 2
-10
-48 (base 9) to base 8
-54
Convert 1111 (base 2) to base 8.
17
Convert -1 (base 10) to base 6.
-1
-14 (base 11) to base 8
-17
Convert 6a (base 16) to base 6.
254
-12 (base 6) to base 16
-8
What is -9 (base 11) in base 13?
-9
What is -a3 (base 14) in base 6?
-355
What is 35 (base 7) in base 9?
28
-4 (base 12) to base 4
-10
-200 (base 5) to base 15
-35
What is 40 (base 8) in base 13?
26
Convert -2 (base 6) to base 9.
-2
Convert -5 (base 9) to base 5.
-10
56 (base 16) to base 5
321
What is 323 (base 4) in base 16?
3b
Convert -1 (base 14) to base 11.
-1
Convert -10 (base 7) to base 16.
-7
Convert 22 (base 16) to base 2.
100010
What is 6 (base 16) in base 8?
6
-4 (base 15) to base 10
-4
2a (base 11) to base 5
112
What is 622 (base 7) in base 13?
1ab
What is -35 (base 8) in base 10?
-29
What is -30 (base 6) in base 8?
-22
11110 (base 2) to base 4
132
What is -2 (base 8) in base 15?
-2
-90 (base 15) to base 13
-a5
Convert 3 (base 11) to base 14.
3
What is -3 (base 13) in base 11?
-3
What is -11 (base 5) in base 7?
-6
Convert -208 (base 9) to base 8.
-252
-4 (base 15) to base 4
-10
3d (base 15) to base 3
2011
-14 (base 8) to base 14
-c
Convert -2 (base 11) to base 12.
-2
Convert -32 (base 6) to base 5.
-40
What is 23 (base 6) in base 12?
13
What is -a (base 11) in base 12?
-a
Convert -140 (base 10) to base 3.
-12012
201 (base 6) to base 5
243
-110100 (base 2) to base 12
-44
Convert 244 (base 7) to base 16.
82
What is -2 (base 6) in base 14?
-2
Convert 6 (base 13) to base 2.
110
Convert 0 (base 3) to base 9.
0
What is -51 (base 6) in base 13?
-25
5 (base 8) to base 3
12
Convert 2 (base 14) to base 15.
2
What is -6 (base 16) in base 6?
-10
0 (base 9) to base 13
0
0 (base 7) to base 10
0
Convert -222 (base 3) to base 14.
-1c
-2 (base 4) to base 16
-2
3 (base 11) to base 3
10
Convert -11011 (base 2) to base 14.
-1d
Convert -100122 (base 3) to base 7.
-521
Convert 1110010 (base 2) to base 11.
a4
What is 4 (base 9) in base 8?
4
22 (base 3) to base 12
8
302 (base 5) to base 3
2212
What is 22 (base 3) in base 5?
13
What is 203 (base 4) in base 13?
29
What is 1 (base 15) in base 8?
1
Convert 216 (base 9) to base 14.
c9
What is 34 (base 15) in base 14?
37
What is 201 (base 5) in base 13?
3c
1111100 (base 2) to base 16
7c
What is -11 (base 13) in base 15?
-e
Convert -11 (base 3) to base 14.
-4
Convert -22 (base 10) to base 16.
-16
What is -23 (base 4) in base 12?
-b
What is -3 (base 4) in base 9?
-3
Convert 4 (base 7) to base 2.
100
What is -3 (base 12) in base 14?
-3
What is -145 (base 7) in base 10?
-82
What is 3 (base 7) in base 5?
3
-d (base 15) to base 4
-31
Convert 0 (base 9) to base 11.
0
4 (base 11) to base 7
4
-24 (base 5) to base 4
-32
-12e (base 15) to base 14
-153
Convert 1 (base 16) to base 7.
1
Convert 1 (base 11) to base 15.
1
Convert 2120 (base 3) to base 2.
1000101
Convert 10 (base 2) to base 10.
2
What is 3 (base 13) in base 9?
3
What is -200 (base 5) in base 15?
-35
What is 151 (base 13) in base 5?
1420
What is 31 (base 16) in base 14?
37
10 (base 2) to base 13
2
What is 14 (base 7) in base 12?
b
32 (base 4) to base 9
15
Convert 222 (base 4) to base 12.
36
Convert 42 (base 9) to base 3.
1102
What is -130 (base 13) in base 7?
-415
What is -260 (base 9) in base 13?
-138
-8 (base 13) to base 8
-10
-20201 (base 3) to base 2
-10110101
-23 (base 9) to base 4
-111
-61 (base 9) to base 2
-110111
3 (base 7) to base 3
10
-58 (base 16) to base 3
-10021
What is -212 (base 10) in base 14?
-112
What is 0 (base 6) in base 4?
0
What is 202 (base 3) in base 2?
10100
Convert 4 (base 14) to base 6.
4
9 (base 15) to base 9
10
Convert -1 (base 14) to base 13.
-1
Convert 5 (base 11) to base 2.
101
Convert 1a7 (base 13) to base 3.
102100
What is -61 (base 11) in base 13?
-52
Convert -12 (base 7) to base 14.
-9
What is b3 (base 14) in base 10?
157
Convert 18 (base 16) to base 5.
44
Convert 52 (base 7) to base 6.
101
Convert b (base 16) to base 2.
1011
-4 (base 10) to base 5
-4
Convert -61 (base 7) to base 10.
-43
What is 324 (base 6) in base 11?
103
Convert 52 (base 6) to base 7.
44
2 (base 14) to base 12
2
Convert -10000111 (base 2) to base 3.
-12000
What is 5 (base 16) in base 15?
5
What is e (base 15) in base 2?
1110
Convert -2 (base 13) to base 14.
-2
Convert -10 (base 4) to base 12.
-4
-3 (base 10) to base 9
-3
-40 (base 13) to base 8
-64
What is -3 (base 13) in base 3?
-10
Convert -1110001 (base 2) to base 6.
-305
10111 (base 2) to base 9
25
9 (base 16) to base 7
12
What is 10 (base 13) in base 7?
16
What is 8 (base 13) in base 15?
8
What is -301 (base 4) in base 10?
-49
What is 37 (base 15) in base 11?
48
What is -44 (base 5) in base 12?
-20
What is -4c (base 16) in base 5?
-301
26 (base 11) to base 9
31
What is 40 (base 12) in base 16?
30
What is -10 (base 2) in base 6?
-2
What is -12 (base 3) in base 15?
-5
What is 4 (base 8) in base 3?
11
What is c9 (base 14) in base 12?
129
What is 24 (base 16) in base 4?
210
What is -2 (base 7) in base 8?
-2
Convert 42 (base 5) to base 15.
17
Convert -1022 (base 5) to base 9.
-162
Convert -a (base 13) to base 8.
-12
-1010001 (base 2) to base 10
-81
What is -240 (base 9) in base 8?
-306
Convert 124 (base 8) to base 6.
220
1410 (base 5) to base 7
446
1211 (base 3) to base 2
110001
Convert 1001001 (base 2) to base 9.
81
Convert -10011 (base 2) to base 9.
-21
Convert 201 (base 4) to base 8.
41
What is -1 (base 14) in base 16?
-1
Convert 21 (base 6) to base 14.
d
1111101 (base 2) to base 6
325
Convert -1110100 (base 2) to base 5.
-431
What is 98 (base 10) in base 2?
1100010
1101000 (base 2) to base 11
95
What is -4b (base 15) in base 12?
-5b
What is -11 (base 2) in base 6?
-3
Convert 21 (base 15) to base 9.
34
-500 (base 7) to base 12
-185
What is -12 (base 11) in base 13?
-10
-10022 (base 4) to base 8
-412
-26 (base 11) to base 14
-20
What is -3 (base 5) in base 16?
-3
-a (base 12) to base 8
-12
What is -1 (base 3) in base 12?
-1
What is 13 (base 6) in base 3?
100
What is -2 (base 10) in base 7?
-2
Convert a (base 14) to base 9.
11
2 (base 9) to base 4
2
What is -345 (base 9) in base 5?
-2114
-1204 (base 5) to base 8
-263
What is 244 (base 7) in base 11?
109
What is -4 (base 16) in base 14?
-4
4 (base 12) to base 5
4
Convert -252 (base 6) to base 11.
-95
Convert -3 (base 12) to base 10.
-3
102 (base 4) to base 5
33
What is -3 (base 10) in base 3?
-10
What is 9 (base 12) in base 2?
1001
2 (base 11) to base 4
2
d (base 15) to base 10
13
Convert -221 (base 3) to base 8.
-31
-1011100 (base 2) to base 10
-92
What is 283 (base 9) in base 13?
153
13 (base 13) to base 3
121
Convert -8 (base 12) to base 3.
-22
-64 (base 10) to base 16
-40
Convert -4 (base 11) to base 13.
-4
What is 9 (base 12) in base 2?
1001
What is -8 (base 15) in base 4?
-20
What is 2 (base 14) in base 2?
10
What is 0 (base 9) in base 15?
0
Convert 4 (base 5) to base 12.
4
Convert 49 (base 10) to base 7.
100
Convert 0 (base 6) to base 13.
0
What is -130 (base 8) in base 6?
-224
Convert -3 (base 6) to base 8.
-3
What is 110 (base 2) in base 8?
6
Convert -36 (base 8) to base 10.
-30
Convert 53 (base 9) to base 15.
33
What is -2 (base 14) in base 7?
-2
-132 (base 5) to base 14
-30
-235 (base 6) to base 4
-1133
4 (base 12) to base 5
4
113 (base 6) to base 9
50
Convert 1c (base 14) to base 5.
101
Convert 7 (base 16) to base 4.
13
What is 133 (base 8) in base 9?
111
Convert -4 (base 15) to base 4.
-10
What is 120 (base 8) in base 10?
80
What is -101212 (base 3) in base 11?
-247
What is 41 (base 9) in base 14?
29
Convert 2 (base 3) to base 13.
2
Convert 12 (base 4) to base 2.
110
What is 22 (base 7) in base 14?
12
66 (base 10) to base 11
60
What is 0 (base 7) in base 8?
0
What is 5 (base 13) in base 2?
101
Convert -36 (base 12) to base 11.
-39
Convert 1 (base 14) to base 11.
1
What is -155 (base 9) in base 13?
-a1
-4 (base 8) to base 4
-10
1 (base 10) to base 2